 2*o + m - 15. List the prime factors of o.
3
Let r(x) = x**3 - 5*x**2 + x + 4. Let g be r(4). Let o(b) = -b**2 - 7*b - 8. Let f be o(-8). Let w = g - f. List the prime factors of w.
2
Let t = 17 - 31. Suppose 3*s - 58 = 32. Let q = s + t. What are the prime factors of q?
2
Let r(s) = s**2 + 8*s - 9. What are the prime factors of r(-11)?
2, 3
Suppose -6*k - 2 = -7*k. Suppose q + 3*c = -k, 5*q - c - 2*c = 62. List the prime factors of q.
2, 5
Suppose -10*o + 13*o = 6. Let k be (-4)/10 + (-142)/(-5). Suppose -2*j = -2*t - 20, -4*j - o*t + k = 6. List the prime factors of j.
7
What are the prime factors of 15 - ((-9)/3)/1?
2, 3
Let x = -4 + 6. Let s = 3 + x. Suppose -3*u + 3*r = -s*u + 18, -2*r = 0. List the prime factors of u.
3
Let m(p) = -p**2 - 8*p - 4. Let r be m(-7). Suppose 165 = -0*q + r*q. List the prime factors of q.
5, 11
Let l(x) = -x**2 + x + 2. Let k be l(2). Suppose k = -4*a + 16 + 12. List the prime factors of a.
7
Let m(z) = 2*z - 1. Let a(q) = -2*q**2 - 5*q - 2. Let j be a(-3). Let o be (-2)/(-6)*3 - j. What are the prime factors of m(o)?
11
Let o(l) = 15*l**2 + 4*l + 10. List the prime factors of o(-2).
2, 31
Suppose -o + 0*o = 0. Suppose 3*s + o*s = 30. What are the prime factors of s?
2, 5
Let u(s) = s**3 + 9*s**2 + s - 12. Let o = -11 - -2. Let r be u(o). Let c = 36 + r. What are the prime factors of c?
3, 5
Let m = -2 - -5. Suppose 0*n = -n + m. List the prime factors of n.
3
Let q = -24 + 86. List the prime factors of q.
2, 31
Let t(x) = -x**3 - 7*x**2. Let a be t(-7). Suppose a*r = r - 8. List the prime factors of 44/r - (-1)/2.
2, 3
Suppose -5*z + 11 = -24. Suppose -1 = a - 7. Suppose -z*k = -2*k - 2*o - a, k - 2*o = -2. List the prime factors of k.
2
Let t = -82 - -139. List the prime factors of t.
3, 19
Let s(f) = -31*f - 4. Let r be s(4). Let o = r + 188. What are the prime factors of o?
2, 3, 5
Suppose 275 = 3*b + 2*b. List the prime factors of b.
5, 11
Let t = -7 - -12. Suppose -2*i + 2*l + 7 = -27, -l - 73 = -t*i. What are the prime factors of i?
2, 7
Suppose 23 = 5*z - 2*w, -2*z + z = -5*w. Suppose 36 = z*k - 2*k. List the prime factors of k.
2, 3
Suppose 0 = 2*c - 3*c + 3. Suppose b - c*b + 24 = 0. What are the prime factors of b?
2, 3
Suppose 356 = 4*v + 2*f - 4*f, -344 = -4*v + 5*f. Let w = v + -63. List the prime factors of w.
2, 7
Suppose 4*o = 2*o - 38. Let b = o + 34. What are the prime factors of b?
3, 5
Let k(m) = m**2 - 2*m - 4. Let h be 1*-2*1/2. Let u be ((-2)/(-4))/(h/6). What are the prime factors of k(u)?
11
Let a be (3 - 3)/(-2) - -3. Suppose -2*u + q = -91, a*q - q + 6 = 0. List the prime factors of u.
2, 11
Let j(b) = 6*b + 1. Let d(x) = x. Let g(c) = 5*d(c) - j(c). Let q be g(-6). Let m = 13 - q. List the prime factors of m.
2
Suppose 5*m - 15 = j + 3*j, -25 = -5*j. Suppose 2*f = -2*u, 3*u + 5*f = -3 + 5. List the prime factors of u + (m - 2) + 0.
2
Let v(f) = -9*f - 6. Let q = -16 + 9. Let k be v(q). Suppose 2*p = -p + k. List the prime factors of p.
19
Let c(o) = -o**3 - 5*o**2 + 4*o - 2. Let x be c(-5). What are the prime factors of (-4)/x + (-788)/(-22)?
2, 3
Suppose 445 = 3*i - 2*k, 2*k - 730 = -5*i + 3*k. List the prime factors of i.
5, 29
Let k = -19 + 231. What are the prime factors of k?
2, 53
Let a(z) = 10*z + 5. Let r(d) = -29*d - 15. Let k(n) = 17*a(n) + 6*r(n). List the prime factors of k(-11).
3, 13
Suppose -8 = -3*h + f, 5*h + 2*f - 18 = 6*f. Suppose -3*u + a + 51 = 0, 5*u - h*u + 3*a - 51 = 0. Suppose 0 = -0*d - d + u. List the prime factors of d.
17
What are the prime factors of (17/(-2))/(14/(-84))?
3, 17
What are the prime factors of (-3)/18 + 2534/12?
211
Suppose 8*r - 78 = -5*r. What are the prime factors of r?
2, 3
Let s = 240 - 357. What are the prime factors of s/(-4) + 7/(-28)?
29
Let m(x) = -2*x**2 + 2*x + 1. Let s be m(-2). Let z(o) = -o**2 - 11*o + 15. What are the prime factors of z(s)?
3, 5
Suppose o - 8 = -2*j + 2*o, 3*o - 16 = -4*j. Suppose 3*c - j*c = -7. List the prime factors of c.
7
Let d(r) = -r + 4. Let p be d(6). What are the prime factors of (-219)/(-15) + p/(-5)?
3, 5
Let s be (-2)/8 - 3/(-12). Let k = 4 - 1. What are the prime factors of (2 + s)/(1/k)?
2, 3
List the prime factors of 24*(2 + (-185)/(-15)).
2, 43
Let z(j) = -4 + j + 5*j**2 - j**3 - 5*j + 5*j + 0. Let k be z(4). Let r = -9 + k. List the prime factors of r.
7
Suppose -b + 5*b - 168 = 0. List the prime factors of b.
2, 3, 7
Let h = 89 + -57. Let x = h - 17. List the prime factors of x.
3, 5
Let j be 5*((-324)/(-15))/3. List the prime factors of 8/(-6)*j/(-8).
2, 3
Suppose -105 = -3*j + 2*z + 93, -2*j + 127 = -3*z. List the prime factors of j.
2, 17
Let q = -10 - -12. What are the prime factors of q?
2
Let k = -260 + 388. List the prime factors of k.
2
Let x = -34 + 47. What are the prime factors of x?
13
Suppose -4*v = 12 - 44. What are the prime factors of v?
2
Let w be (-3 + 1 - -12)/1. Suppose 0*z - 5*z = -w. What are the prime factors of z?
2
Let f(w) = 3*w**3 - 14*w**2 + 2*w - 4. List the prime factors of f(7).
353
Let u = -24 + 24. Suppose -3*j + 5*x + 18 = -2*j, 4*x - 12 = u. What are the prime factors of j?
3, 11
Suppose 3*g = -1 - 5, 3*j - 26 = g. Suppose 4 = 3*y - 2. Suppose -y*b = -b - j. List the prime factors of b.
2
Suppose 2*w - 427 = -117. List the prime factors of w.
5, 31
Let n = 5 - 7. List the prime factors of n/(-7) + (-82)/(-7).
2, 3
Suppose 2*h + 14 = 258. List the prime factors of h.
2, 61
Let t(p) = 2*p - 2. Let m = -3 - -6. Let d be t(m). List the prime factors of 166/18 + d/(-18).
3
What are the prime factors of 2 + -1 + (-80)/(-2)?
41
Suppose 5*i - 19 = -3*o, 0*i - 18 = -3*i - 4*o. What are the prime factors of 4/(-5)*(-85)/i?
2, 17
Suppose 5*g = -15 + 85. List the prime factors of g.
2, 7
Let b(u) = -6*u**2 - 2*u**3 - 2*u + 1 + 6 + 3*u**3. Let v be b(6). List the prime factors of ((-5)/(-2))/v*-10.
5
Suppose 878 = 12*i - 1126. What are the prime factors of i?
167
Suppose -4*p + d + 279 = -302, -579 = -4*p - d. What are the prime factors of p?
5, 29
Let w be 5 + (2 + -6 - -2). Suppose 3*q = -2*f - 0*f + 5, 4*f - w*q - 19 = 0. Suppose f*s + c = 35 + 33, 3*c + 20 = 2*s. List the prime factors of s.
2
Suppose 0 = -3*m + 278 - 47. What are the prime factors of m?
7, 11
Let o(l) = -7*l**2 - 8*l - 9. Let u(w) = -13*w**2 - 16*w - 17. Let b(j) = 11*o(j) - 6*u(j). Let t = 2 - 10. List the prime factors of b(t).
3
What are the prime factors of -2*(6 + -3)*-2?
2, 3
Let d(k) = -k**2 + 13*k - 21. What are the prime factors of d(10)?
3
Suppose 0 = 3*m + 128 + 7. Let c = m - -77. List the prime factors of 5/15 - c/(-3).
11
What are the prime factors of (-4)/(-26) - (-72)/39?
2
List the prime factors of (3 - 2) + -3 + 41.
3, 13
Suppose 5*n + 34 = 4*t, 0 = 4*n + 5 + 3. Suppose -t*w + 0*w = -108. What are the prime factors of w?
2, 3
Let m be (1 - (3 - 2))*1. Suppose -2*f + 4*w + 6 = -m*f, 2*w = 0. What are the prime factors of f?
3
Suppose -6*h - 8 = -98. What are the prime factors of h?
3, 5
Let b(z) = 5*z**2 + z - 9. List the prime factors of b(4).
3, 5
Let a(d) = d**2 + 3*d + 0 - 2 + 14 + 6*d. What are the prime factors of a(-10)?
2, 11
Suppose -63 = -2*x - 41. What are the prime factors of x?
11
Let r = -36 + 54. Let v = 6 - r. Let h = 5 - v. What are the prime factors of h?
17
Suppose 4*o + 2*j - 390 = 0, o - 3*j - 395 = -3*o. List the prime factors of o.
2, 7
Suppose 0 = -4*j + 36 - 12. Let l(x) = -x**3 - 6*x**2 - 4*x + 8. Let i be l(-5). Suppose 9 = i*z - j. List the prime factors of z.
5
Let y(h) = h**2 + 3*h + 5. Let l be y(-4). Let c = l + -3. List the prime factors of c.
2, 3
List the prime factors of (-165)/(-4)*(-2)/(-12)*16.
2, 5, 11
Suppose 7*j + d = 2*j + 282, 0 = -2*j - d + 114. Suppose 3*l - j = 34. What are the prime factors of l?
2, 3, 5
Let l = 13 + -8. List the prime factors of l.
5
Let h(d) = d + 2. Let l be h(-8). What are the prime factors of 8/(-2)*33/l?
2, 11
List the prime factors of -1 - 898/(-2) - (-20 + 24).
2, 3, 37
Let m = 11 - 28. Let n be 0 + (2/(-1) - 8). Let q = n - m. What are the prime factors of q?
7
Suppose 2*n + 19 = i - n, 3*i - 15 = -5*n. Let t be (-46)/i + (-12)/(-20). Let d = 6 + t. What are the prime factors of d?
2
Let v(p) be the first derivative of -p**2/2 + 3*p - 9. Suppose -4*a = -x + 26, -2*a + 0*x = -2*x + 16. What are the 